9. Suppose -3*k - 4*l + 15 = -0, 3*l - 14 = -5*k. What is the highest common divisor of k and h?
1
Let k = -36 - -37. Let x be (39 - 21) + (-1 + k)/(-2). What is the greatest common factor of 36 and x?
18
Let d(l) = 40*l + 58. Let a be d(8). Calculate the greatest common divisor of 42 and a.
42
Let s = 34 + -132. Let a = -69 - s. Calculate the highest common divisor of 145 and a.
29
Let d = 85 + -45. Suppose -3*g - 4 = -2*s, -s - 1 = -4*g - 3. Suppose 8 + 2 = s*n. What is the greatest common divisor of n and d?
5
Let t = -43 - -1. Let f = 90 + t. Suppose -4*q + 12 = -12. Calculate the highest common factor of q and f.
6
Suppose -11*j + 543 = -909. What is the highest common divisor of j and 88?
44
Let v = 20 - 17. What is the highest common divisor of 48 and v?
3
Let l = 55 + -29. Let m be (654/(-8))/((6/(-2))/12). Suppose -x - 5*o + 0*o + 103 = 0, -4*x = 3*o - m. What is the highest common factor of x and l?
26
Let t = 311 - 308. What is the greatest common factor of t and 24?
3
Let c = 926 - 915. Let x(z) = 3*z**2 - 3*z - 5. Suppose -2*b + b = 6. Let k be x(b). Calculate the greatest common divisor of c and k.
11
Suppose 0*n = -3*n + 39. Let s be (1 + 112/(-126))/((-3)/(-54)). What is the greatest common divisor of s and n?
1
Let i(c) = c**2 + 5*c + 7. Let g be i(-4). Suppose 0 = -g*j + 252 - 42. What is the greatest common divisor of j and 28?
14
Suppose -3*d = 2*w + 48, 0 = -2*d - 3*w + w - 30. Let h = d + 43. Calculate the greatest common divisor of h and 225.
25
Let c be 276/60 + (-2)/(-5). Let k be 180/75*c/2. Let y be (-9)/(-4) + (-2)/8. Calculate the highest common factor of y and k.
2
Suppose 0 = 3*y + 3*u - 117, -4*u = -3*u + 5. Let q be (-7*(-10)/140)/((-2)/(-1584)). What is the greatest common divisor of q and y?
44
Suppose -7*q + 751 = -54. Calculate the greatest common divisor of q and 10.
5
Let y(p) = 4*p + 3. Let f be y(3). Suppose -4*s + 79 = a, 5*a = s + 582 - 208. Calculate the greatest common divisor of a and f.
15
Let k be 3/4*(-220)/(-5). Let h be 456/k + 8/44. Suppose -26 - h = -5*a. What is the highest common divisor of a and 4?
4
Suppose 262 = -5*q + 232, 2*l + 2*q = -8. Let u be -1*1*7*-2. What is the greatest common divisor of l and u?
2
Suppose 3*j - 5*j = 0. Suppose -6*l + 300 + 96 = j. Calculate the greatest common divisor of l and 22.
22
Suppose -6*q = -12*q + 120. What is the highest common divisor of 100 and q?
20
Let a = 6 + -3. Let s(c) = 2*c**2 + 1 - 2*c - 5 + c + a. Let j be s(2). What is the greatest common factor of j and 45?
5
Suppose 28*u - 704 = -16*u. Calculate the highest common divisor of u and 8.
8
Let w be (20/(-2))/((-2)/8). Let g = 4 + -13. Let q be (11 - 1) + (g - -9). Calculate the highest common divisor of q and w.
10
Let c = -252 + 329. Calculate the greatest common divisor of c and 11.
11
Let p be (-52)/(-10) + (-2)/10. Let x be (-12)/30 + 42/p. Suppose -x*z + 5*z = -75. Calculate the greatest common factor of 10 and z.
5
Let b = -835 + 898. What is the greatest common divisor of 252 and b?
63
Suppose 2*c + 2*c = 156. Suppose -11*t - 2*o = -9*t - 32, 3*t + 2*o = 45. Calculate the highest common factor of t and c.
13
Suppose 632 = -2*y + 2*g - 3*g, -y - 4*g - 316 = 0. Let s = y + 558. Let u be (0 - -23) + 1 + -2. Calculate the highest common factor of s and u.
22
Let i(y) = 28*y + 87. Let g be i(-3). Calculate the highest common divisor of g and 4.
1
Suppose g = -4*v + 3*g - 56, v = -5*g - 25. Let u = -12 - v. Let r be 5 + 0/(-3) + -2. Calculate the greatest common divisor of u and r.
3
Let b be (-4)/30 + 681/45. Calculate the greatest common factor of 125 and b.
5
Suppose -3*g - x = -3*x - 76, -4*x = -3*g + 68. Let y be 2/3*(4 + -1). Suppose 4 = y*p - 10. What is the highest common divisor of g and p?
7
Suppose 0 = 3*j - w - 578, -39*w = -5*j - 41*w + 956. Let b(v) = -v**2 + 11*v - 12. Let f be b(8). What is the highest common factor of j and f?
12
Let b = 15 - 6. Let v(w) = -w**3 + 9*w**2 + 3*w - 8. Let h be v(b). Calculate the greatest common factor of h and 133.
19
Let c be 41/3 - 2/(-6). Let z(g) = 12*g**2 - 5*g**2 - 3 + 11*g - 8*g**2 - 11. Let f be z(7). Calculate the greatest common factor of f and c.
14
Suppose w - 32 = -27. Suppose 4*h + 7*f - 4*f = 20, 2*h = -w*f + 10. What is the highest common divisor of 20 and h?
5
Let s be ((-210)/8)/(36/192*-2). What is the highest common factor of 455 and s?
35
Suppose 5*l = 2*l + 9. Suppose -3*s = o - 22, 5*o + 39 = 4*s - l. What is the greatest common divisor of 24 and s?
8
Suppose h - 4 = 8. Let q be ((-126)/5)/((-6)/20). What is the greatest common divisor of q and h?
12
Suppose -4*j - 4*q + 139 + 117 = 0, -3*j = 5*q - 192. Calculate the greatest common divisor of 48 and j.
16
Let x(h) = 64*h**2 + 9*h - 1. Let y be x(-1). What is the highest common factor of 24 and y?
6
Suppose 13*u - 15*u = -100. Calculate the greatest common factor of 425 and u.
25
Suppose -7722 = -17*p - 49*p. What is the highest common factor of p and 13?
13
Suppose 0 = 86*r - 85*r - 42. Calculate the greatest common factor of r and 24.
6
Suppose 21 = 7*r - 10*r. Let l = 7 + r. Suppose l = 3*c - 12. What is the greatest common factor of c and 4?
4
Let w = -1297 + 1310. Let t = 59 + -20. Calculate the highest common divisor of t and w.
13
Let r = 4 - -11. Suppose -136 = 18*v - 14*v. Let q = 49 + v. What is the greatest common factor of q and r?
15
Let w be (2/(-5))/(3/(-60)). Suppose 0 = -w*o - 24 + 128. Suppose -7 + 59 = 4*j. Calculate the greatest common divisor of o and j.
13
Let v be ((-182)/(-39))/(6/117) + -5. What is the highest common divisor of 301 and v?
43
Suppose -27*r = 20*r - 75999. What is the greatest common divisor of 14 and r?
7
Let p(i) = -28*i - 4. Let v be p(-3). Suppose 28 = 2*y + 2*t, -3*y - 3*t - t + 48 = 0. Calculate the highest common factor of y and v.
8
Suppose -109*l + 22*l = -19836. What is the greatest common factor of 12 and l?
12
Let a(o) = -52*o + 3. Let w be a(-1). Let h = 68 - -48. Suppose -2*i - 3*r + 5*r = -48, 3*r = 5*i - h. Calculate the highest common divisor of i and w.
11
Let k be -4 - ((-4)/(-14) + 4950/(-77)). Calculate the highest common factor of 10 and k.
10
Let d(a) = -a**3 + 12*a**2 - a + 35. Let n be d(10). What is the highest common factor of 9 and n?
9
Let u = -39 + 88. Suppose 167 + u = 2*m. Suppose -9 = -5*x + 51. What is the greatest common divisor of x and m?
12
Suppose -b = -5, -105 = -4*g - 2*b + 25. What is the highest common divisor of 75 and g?
15
Let t be ((7 + 16)*1)/((-2)/(-14)). Calculate the highest common factor of t and 23.
23
Let g(m) = 31*m**3 + 4*m**2 - 3*m. Let p be g(1). Let f be 2*2 - (0 + 0). Suppose 0*u + p = f*u. What is the highest common divisor of u and 88?
8
Suppose 0 = 9*z - 59 - 229. Calculate the highest common factor of 64 and z.
32
Suppose -2*p + 22 + 6 = 0. Let d be (1 - -2) + 0 + 0. Suppose -s + 4*f + 358 = 4*s, 0 = -d*f - 6. Calculate the highest common divisor of s and p.
14
Suppose 0 = 4*x + 247 - 1067. Suppose -4*n - 8 = 0, l - 4*l = n - x. Calculate the greatest common factor of l and 23.
23
Suppose 2*p + 33 = 45. Calculate the highest common factor of p and 8.
2
Suppose 5*u + 24 = 9, -5*u + 387 = -3*g. Let i = g - -227. Calculate the highest common divisor of i and 31.
31
Let x = 146 - 143. Suppose -x*f + 3*z = -39, -7*z = -3*f - 2*z + 33. Suppose 0*y - 128 = -2*y. What is the greatest common divisor of f and y?
16
Let g be ((-20)/(-42))/(-5) - 33605/(-273). Calculate the greatest common factor of 82 and g.
41
Suppose 20 = -5*d, -32*f + 255 = -29*f - 3*d. What is the highest common divisor of f and 3?
3
Suppose -6*z - 156 = -4*l - 3*z, -4*z = l - 58. Calculate the highest common divisor of 714 and l.
42
Let d = -16 + 34. Let l be 7/(14/36)*-1. Let t be (l/4)/((-6)/36). Calculate the greatest common divisor of d and t.
9
Let y = 12 + 6. Suppose -y = -n - 0*n. Suppose -5*h + 640 = -2*c + 7*c, 0 = -h - 5*c + 136. What is the greatest common divisor of n and h?
18
Suppose a = -43*n + 48*n + 71, -4*n + 80 = a. What is the greatest common divisor of 950 and a?
38
Let m(a) = a**2 - 5*a + 7. Let p be m(5). Let w be 2 - (-2 - (p - -1)). Let q = 434 + -410. What is the greatest common divisor of w and q?
12
Let h be 2 - (-73 - (4 - 2)). Suppose -k = 4*l - h, 0 = -4*l + 2*k - 0*k 